10, what is 5 - -6580392?
6580397
In base 13, what is -90b - 2361?
-2c6c
In base 10, what is 1313850 + -7?
1313843
In base 14, what is -121b38aa + 0?
-121b38aa
In base 4, what is 3110 + -101211200?
-101202030
In base 4, what is 11 + -121331003303?
-121331003232
In base 3, what is 201110020 - 12100102?
112002211
In base 5, what is 11423 + -130403?
-113430
In base 2, what is -110101000110011 + -1010011011111?
-111111100010010
In base 5, what is -12 - 1120313214?
-1120313231
In base 9, what is -37604188 + -34?
-37604233
In base 2, what is -1100110 + -1110010111101?
-1110100100011
In base 12, what is -a257 - 48?
-a2a3
In base 8, what is 2 + -11222066?
-11222064
In base 15, what is -da3 + a57?
-34b
In base 9, what is -1167472 - 15?
-1167487
In base 10, what is -39727 + -154?
-39881
In base 11, what is 14a6 + -27404?
-25a09
In base 10, what is -6744 - 1982?
-8726
In base 11, what is 13a7522 - -337?
13a7859
In base 13, what is 12a43bc - 9?
12a43b3
In base 3, what is 200222202111 - -11120010?
201011022121
In base 7, what is 1433314 + -1036?
1432245
In base 13, what is -1359b43 + 1?
-1359b42
In base 13, what is 2523b - -28?
25266
In base 6, what is 20350 + 15414?
40204
In base 9, what is -13465 - 37056?
-51532
In base 2, what is 100111110000011 + -110011101010101?
-1011111010010
In base 2, what is -100111100100000101111010011 + 11?
-100111100100000101111010000
In base 11, what is 6a88042a + -4?
6a880426
In base 5, what is 4134413 - -224224?
4414142
In base 16, what is 143e9da - 4?
143e9d6
In base 14, what is 25b9dc2 - 3?
25b9dbd
In base 13, what is -177 - 240a31?
-240ba8
In base 16, what is -1c461 - -139?
-1c328
In base 10, what is 14693 - -20338?
35031
In base 16, what is 11b2 + c5c?
1e0e
In base 5, what is -2 - -14202230323?
14202230321
In base 9, what is -56835070 - 4?
-56835074
In base 4, what is -31212131323 + 230?
-31212131033
In base 14, what is 306 + -595a?
-5654
In base 8, what is -6 + -25466645?
-25466653
In base 13, what is c8 + -8a27?
-892c
In base 14, what is c46495 + 24?
c464b9
In base 7, what is 1153033354 - 4?
1153033350
In base 13, what is 2b342 - -11?
2b353
In base 11, what is -4783 + -4823?
-94a6
In base 12, what is 1b8608181 - -3?
1b8608184
In base 5, what is 41 - 244321331?
-244321240
In base 10, what is -450987 + -324?
-451311
In base 5, what is 3 + 101332402441?
101332402444
In base 11, what is -2 - -84775834?
84775832
In base 5, what is 23302243 + 322?
23303120
In base 16, what is 1bc54 - 10?
1bc44
In base 14, what is -2c8 - 127ad?
-12a97
In base 7, what is 1530116 - -11?
1530130
In base 7, what is -4050305455 - -5?
-4050305450
In base 12, what is -7 + 60a943a?
60a9433
In base 15, what is -1 + -3ce5be1?
-3ce5be2
In base 15, what is -1032c50 - -1?
-1032c4e
In base 4, what is -2 - -13330002332001?
13330002331333
In base 2, what is -101011101 - 1000110110010101011?
-1000110111000001000
In base 6, what is 11201 - 10045?
1112
In base 13, what is 1b48c8 + -108?
1b47c0
In base 5, what is -112411 + 1323412?
1211001
In base 7, what is -2365501102 - -1?
-2365501101
In base 14, what is 43 - 6d23c?
-6d1d9
In base 5, what is 222442 + 3441?
231433
In base 14, what is 5 - 392538b?
-3925386
In base 3, what is -2120020102 - -20?
-2120020012
In base 14, what is -11 - 276b?
-277c
In base 2, what is 11011000110011101 - -1110?
11011000110101011
In base 15, what is -a1c6b + -14?
-a1c80
In base 6, what is -3 + 233030141?
233030134
In base 9, what is -223407 + 11876?
-211421
In base 6, what is -32104423 + -45?
-32104512
In base 7, what is -5 - -54313160?
54313152
In base 14, what is 76 - -70?
106
In base 10, what is -14289010 - 5?
-14289015
In base 13, what is -799c + -1133?
-8b02
In base 12, what is -23615 - 1126?
-2473b
In base 10, what is 630642 + 1?
630643
In base 13, what is 178c6 - -63?
17959
In base 10, what is -50783218 + 11?
-50783207
In base 9, what is 42201510 - -1?
42201511
In base 4, what is 30201 - 202132133?
-202101332
In base 10, what is 6762141 - 5?
6762136
In base 12, what is -1b - 85285a6?
-8528605
In base 11, what is 24 - 4096100?
-4096087
In base 6, what is -14004 - -1331252?
1313244
In base 14, what is -525c2d5 + 14?
-525c2c1
In base 16, what is -348 + 28bf3?
288ab
In base 7, what is -26 - 112361106?
-112361135
In base 14, what is -85419d8 + -3?
-85419db
In base 14, what is -1d58 - -236?
-1b22
In base 5, what is -1 + 13312200030?
13312200024
In base 3, what is -10120 + -1111200022110?
-1111200110000
In base 12, what is 1035140 + 1?
1035141
In base 9, what is 0 + -22832238?
-22832238
In base 3, what is 10 + 100222020000122?
100222020000202
In base 9, what is -254264 - 44?
-254318
In base 5, what is 2024023404 + 33?
2024023442
In base 8, what is -71443 + 152?
-71271
In base 14, what is -131 - 9a798?
-9a8c9
In base 14, what is -57 + 8592b?
858b4
In base 16, what is 6aaa - dd10?
-7266
In base 12, what is -3 - -422591?
42258a
In base 5, what is 10 + 413021231012?
413021231022
In base 2, what is 10000100100111110110101110 + 101?
10000100100111110110110011
In base 16, what is 8ec47 + 9de?
8f625
In base 5, what is 1122 + 3414013?
3420140
In base 9, what is 4615 + -358?
4246
In base 15, what is -12 + 6828be?
6828ac
In base 2, what is 1100101 - 1101011011110111110?
-1101011011101011001
In base 13, what is -10889b715 + 4?
-10889b711
In base 8, what is -167550 - 5441?
-175211
In base 5, what is -12 + -42441103?
-42441120
In base 15, what is 5 + -802c38?
-802c33
In base 2, what is -111 - 11100001100001110000000001?
-11100001100001110000001000
In base 16, what is -e1fff + -6?
-e2005
In base 14, what is -194d4 - -1626?
-17cac
In base 4, what is 111322 + 113122?
231110
In base 11, what is -112a881a4 - 0?
-112a881a4
In base 8, what is 46644 - -10501?
57345
In base 5, what is 102 + 3034010?
3034112
In base 7, what is 1612315 + -30?
1612255
In base 13, what is 16b + -1c696a?
-1c67cc
In base 4, what is 2 + 11011103000?
11011103002
In base 14, what is -219b1 + -2221?
-23bd2
In base 13, what is -3c037c - 228?
-3c05a7
In base 2, what is -100001 - -1000000110011110111?
1000000110011010110
In base 8, what is 236416440 + -1?
236416437
In base 8, what is 5734371 + 64?
5734455
In base 2, what is 100 - 110010010101101000011?
-110010010101100111111
In base 15, what is -d3d4755 + 3?
-d3d4752
In base 14, what is -820 - -23502?
22ac2
In base 12, what is 6abb005 + 5?
6abb00a
In base 2, what is 11111100000101 - -1100?
11111100010001
In base 6, what is -200012 + 25003?
-131005
In base 13, what is 21c8 - -12932?
14b2a
In base 10, what is -131 - -158011?
157880
In base 14, what is 2cb3a17 + -2?
2cb3a15
In base 10, what is 892691 + 11?
892702
In base 15, what is -8b7ca - 0?
-8b7ca
In base 13, what is -4 + -169b9653?
-169b9657
In base 6, what is -14325 - -345052?
330323
In base 12, what is -3a264a1 - -3?
-3a2649a
In base 8, what is 611733 - -60?
612013
In base 14, what is -1a720b - -164?
-1a7087
In base 11, what is -2a4a2308 + -2?
-2a4a230a
In base 12, what is -2 + 987397?
987395
In base 14, what is 2ba6514 + 3?
2ba6517
In base 9, what is -11567532 - 3?
-11567535
In base 7, what is -230 - 12546602?
-12550132
In base 14, what is -54 + -3c571?
-3c5c5
In base 15, what is -17170 + 9?
-17166
In base 13, what is 5 + -12407b5?
-12407b0
In base 5, what is -1021301 - -2342?
-1013404
In base 10, what is -129 + -599128?
-599257
In base 14, what is -b838 + -cc?
-b926
In base 14, what is 16007b7 - 1?
16007b6
In base 14, what is -3b30565 - 2?
-3b30567
In base 15, what is -c37 - -23843?
22b0b
In base 16, what is -3f1cb8 - 2?
-3f1cba
In base 4, what is 111312 - 10232201?
-10120223
In base 6, what is -1534521 - -401?
-1534120
In base 8, what is 645517 - -20?
645537
In base 6, what is 11401053420 - -3?
11401053423
In base 7, what is -16 - -3125662?
3125643
In base 5, what is -4 + 301212324023?
301212324014
In base 16, what is -237 + 171ff?
16fc8
In base 3, what is -1 - -1122102211201?
1122102211200
In base 16, what is 6a + -1b06ee?
-1b0684
In base 3, what is 1010020211201 + 201?
1010020212102
In base 13, what is -8b0c + c052?
3243
In base 5, what is 2 - -30024214233?
30024214240
In base 4, what is 132231030201 + -3?
132231030132
In base 13, what is -2b9 - 32610?
-328c9
In base 16, what is -3b - c9a7c8?
-c9a803
In base 5, what is -3 - -421243001?
421242443
In base 2, what is -1100011